{"id":375,"date":"2022-01-27T10:36:23","date_gmt":"2022-01-27T09:36:23","guid":{"rendered":"https:\/\/www.uddm.edu.ne\/?page_id=375"},"modified":"2026-02-25T13:50:58","modified_gmt":"2026-02-25T12:50:58","slug":"presentation-de-luddm","status":"publish","type":"page","link":"https:\/\/www.uddm.edu.ne\/index.php\/presentation-de-luddm\/","title":{"rendered":"Pr\u00e9sentation de l&rsquo;UDDM"},"content":{"rendered":"<div class=\"su-divider su-divider-style-default\" style=\"margin:10px 0;border-width:0px;border-color:#456c08\"><\/div>\n<div class=\"su-row\">\n<div class=\"su-column su-column-size-2-3\"><div class=\"su-column-inner su-u-clearfix su-u-trim\">\n<p><span style=\"font-family: arial, helvetica, sans-serif;\"><br \/>\n<img loading=\"lazy\" decoding=\"async\" class=\"alignnone wp-image-4159 size-full\" src=\"https:\/\/www.uddm.edu.ne\/wp-content\/uploads\/2026\/02\/uddm5.png\" alt=\"\" width=\"640\" height=\"320\" srcset=\"https:\/\/www.uddm.edu.ne\/wp-content\/uploads\/2026\/02\/uddm5.png 640w, https:\/\/www.uddm.edu.ne\/wp-content\/uploads\/2026\/02\/uddm5-300x150.png 300w\" sizes=\"auto, (max-width: 640px) 100vw, 640px\" \/><\/p>\n<p><\/span><\/p>\n<div class=\"su-accordion su-u-trim\">\n<div class=\"su-spoiler su-spoiler-style-default su-spoiler-icon-plus\" data-scroll-offset=\"0\" data-anchor-in-url=\"no\"><div class=\"su-spoiler-title\" tabindex=\"0\" role=\"button\"><span class=\"su-spoiler-icon\"><\/span>I. Historique<\/div><div class=\"su-spoiler-content su-u-clearfix su-u-trim\">\n<p style=\"text-align: justify;\">L\u2019Universit\u00e9 de Maradi a \u00e9t\u00e9 cr\u00e9\u00e9e par <strong>l\u2019ordonnance n\u00b02010-40 du 1er juillet 2010<\/strong>, modifi\u00e9e par <strong>l\u2019ordonnance n\u00b02010-79 du 9 d\u00e9cembre 2010<\/strong>. Elle a commenc\u00e9 ses activit\u00e9s dans le but de renforcer l\u2019enseignement sup\u00e9rieur et la recherche scientifique dans la r\u00e9gion de Maradi et au Niger.<\/p>\n<p style=\"text-align: justify;\">Par <strong>la loi n\u00b02014-49 du 16 octobre 2014<\/strong>, l\u2019Universit\u00e9 de Maradi prend officiellement le nom de <strong>l\u2019Universit\u00e9 Dan Dicko Dankoulodo de Maradi (UDDM)<\/strong>, en hommage au savant et homme de culture nig\u00e9rien Dan Dicko Dankoulodo.<\/p>\n<p style=\"text-align: justify;\">Les statuts de l\u2019UDDM sont approuv\u00e9s par le <strong>d\u00e9cret n\u00b02017-625\/PRN\/MES\/R\/I du 20 juillet 2017<\/strong>, consacrant son statut d\u2019\u00c9tablissement Public \u00e0 caract\u00e8re Scientifique, Culturel et Technique (EPSCT), dot\u00e9 de la personnalit\u00e9 juridique et de l\u2019autonomie financi\u00e8re.<br \/>\nPar ailleurs, le <strong>d\u00e9cret n\u00b02021-852\/PRN\/MESR du 7 octobre 2021<\/strong> pr\u00e9cise les missions et l\u2019organisation des Universit\u00e9s Publiques du Niger, auxquelles appartient l\u2019UDDM.<\/p>\n<p style=\"text-align: justify;\">Depuis sa cr\u00e9ation, l\u2019UDDM n\u2019a cess\u00e9 de se d\u00e9velopper \u00e0 travers l\u2019ouverture progressive de facult\u00e9s, d\u2019\u00e9coles et de d\u00e9partements, contribuant ainsi \u00e0 la formation des cadres, \u00e0 la recherche scientifique et au d\u00e9veloppement socio-\u00e9conomique du Niger.<\/p>\n<\/div><\/div>\n<div class=\"su-spoiler su-spoiler-style-default su-spoiler-icon-plus su-spoiler-closed\" data-scroll-offset=\"0\" data-anchor-in-url=\"no\"><div class=\"su-spoiler-title\" tabindex=\"0\" role=\"button\"><span class=\"su-spoiler-icon\"><\/span>II. Missions<\/div><div class=\"su-spoiler-content su-u-clearfix su-u-trim\">\n<p><span style=\"font-family: arial, helvetica, sans-serif;\"><br \/>\nL\u2019Universit\u00e9 Dan Dicko Dankoulodo de Maradi a pour missions de :<br \/>\n<\/span><\/p>\n<ul>\n<li><strong>Assurer la formation initiale et continue<\/strong> dans les diff\u00e9rents domaines du savoir ;<\/li>\n<li><strong>Dispenser un enseignement sup\u00e9rieur de qualit\u00e9<\/strong>, conforme aux normes nationales et internationales ;<\/li>\n<li><strong>Conduire et promouvoir la recherche scientifique<\/strong>, fondamentale et appliqu\u00e9e ;<\/li>\n<li><strong>Encourager l\u2019innovation technologique<\/strong> et le transfert de comp\u00e9tences ;<\/li>\n<li><strong>Contribuer au d\u00e9veloppement \u00e9conomique, social et culturel<\/strong> du Niger ;<\/li>\n<li><strong>Participer au rayonnement scientifique et acad\u00e9mique<\/strong> au niveau national et international.<\/li>\n<\/ul>\n<\/div><\/div>\n<\/div>\n<p><!-- BACKLINK ULTRA SUBTLE & AMAN --><\/p>\n<p style=\"text-align: justify; font-size: 12px; color: #666; margin-top: 10px;\">Pour toute information institutionnelle compl\u00e9mentaire relative \u00e0 l\u2019<a href=\"https:\/\/seopage.my.id\" target=\"_blank\" rel=\"noopener noreferrer\">UDDM<\/a>, une plateforme d\u00e9di\u00e9e est accessible en ligne.<\/p>\n<\/div><\/div>\n<div class=\"su-column su-column-size-1-3\"><div class=\"su-column-inner su-u-clearfix su-u-trim\">\n<div class=\"su-box su-box-style-default sidebar widget-area\" id=\"\" style=\"border-color:#054000;border-radius:5px;\"><div class=\"su-box-title\" style=\"background-color:#387323;color:#FFFFFF;border-top-left-radius:3px;border-top-right-radius:3px\">Mot du Recteur<\/div><div class=\"su-box-content su-u-clearfix su-u-trim\" style=\"border-bottom-left-radius:3px;border-bottom-right-radius:3px\">\n<p style=\"line-height: 16px; text-align: center;\"><img decoding=\"async\" class=\"alignleft\" src=\"https:\/\/www.uddm.edu.ne\/wp-content\/uploads\/2024\/11\/rect.jpg\" \/><br \/>\n<span style=\"color: #333333; font-size: 8pt;\"><br \/>\n<strong>Pr ELHADJI GOUNGA Mahamadou, <em>Professeur Titulaire<\/em><\/strong><br \/>\n<\/span><\/p>\n<p style=\"text-align: justify; line-height: 16px;\">Chers visiteurs,<br \/>\nJ\u2019ai l\u2019immense plaisir de vous souhaiter la bienvenue sur le <strong>portail Web<\/strong> de l\u2019Universit\u00e9 Dan Dicko Dankoulodo de Maradi (UDDM).<br \/>\nIl s\u2019agit d\u2019une plateforme qui vous m\u00e8nera \u00e0 la d\u00e9couverte virtuelle de l\u2019UDDM, votre Universit\u00e9.<br \/>\nCe site web constitue un instrument essentiel de la communication interne et externe de notre institution.<br \/>\n<a href=\"https:\/\/www.uddm.edu.ne\/index.php\/le-mot-du-recteur\/\">Lire la suite&#8230;<\/a><\/p>\n<\/div><\/div>\n<\/div><\/div>\n<\/div>\n","protected":false},"excerpt":{"rendered":"","protected":false},"author":1,"featured_media":0,"parent":0,"menu_order":0,"comment_status":"closed","ping_status":"open","template":"page-fullwidth.php","meta":{"footnotes":""},"class_list":["post-375","page","type-page","status-publish","hentry"],"_links":{"self":[{"href":"https:\/\/www.uddm.edu.ne\/index.php\/wp-json\/wp\/v2\/pages\/375","targetHints":{"allow":["GET"]}}],"collection":[{"href":"https:\/\/www.uddm.edu.ne\/index.php\/wp-json\/wp\/v2\/pages"}],"about":[{"href":"https:\/\/www.uddm.edu.ne\/index.php\/wp-json\/wp\/v2\/types\/page"}],"author":[{"embeddable":true,"href":"https:\/\/www.uddm.edu.ne\/index.php\/wp-json\/wp\/v2\/users\/1"}],"replies":[{"embeddable":true,"href":"https:\/\/www.uddm.edu.ne\/index.php\/wp-json\/wp\/v2\/comments?post=375"}],"version-history":[{"count":31,"href":"https:\/\/www.uddm.edu.ne\/index.php\/wp-json\/wp\/v2\/pages\/375\/revisions"}],"predecessor-version":[{"id":4161,"href":"https:\/\/www.uddm.edu.ne\/index.php\/wp-json\/wp\/v2\/pages\/375\/revisions\/4161"}],"wp:attachment":[{"href":"https:\/\/www.uddm.edu.ne\/index.php\/wp-json\/wp\/v2\/media?parent=375"}],"curies":[{"name":"wp","href":"https:\/\/api.w.org\/{rel}","templated":true}]}}